0. Is 10 a factor of d(10)?
True
Suppose 21 = 2*v + l, 5*l - 2 = -v + 31. Suppose -3*g + 2*g = -v. Let c(h) = -h + 25. Is 17 a factor of c(g)?
True
Suppose -9*j = -0*j + 54. Does 3 divide ((-112)/(-21))/(1 - (-4)/j)?
False
Let t(b) be the first derivative of b**4/4 + 17*b**3/3 + 17*b**2/2 + 2*b - 11. Let l be t(-16). Does 25 divide 4/l - (-6060)/(-126)*-3?
False
Does 106 divide (9/((-9)/52))/((-27)/4293)?
True
Suppose 2*c - 514 = -f, 4*f + 512 = 3*c - 259. Let b = c + -128. Is b a multiple of 22?
False
Suppose 3*f = -2*i + 2762, -5*i = -4*f - 2*i + 3677. Is 7 a factor of f?
False
Let l be 3*(9 + -4) + 0/1. Let k = 150 + l. Is 13 a factor of k?
False
Suppose -9*w = -w - 264. Let h(t) = -t - 1. Let c be h(-9). Does 3 divide 4 - (c/(-36) + w/27)?
True
Is 20 a factor of 41/(-123) - (-11228)/6?
False
Let p = -30 + -32. Let b = 31 - p. Suppose -2*c + 3*c = b. Is c a multiple of 4?
False
Does 25 divide 27/(5 + -2) + 4066?
True
Does 14 divide (-4)/(-8) + -59*54/(-12)?
True
Let g = -314 - -319. Suppose 1526 = g*j - 619. Is j a multiple of 17?
False
Is 11 a factor of (-1 + 0)/(78/52) - 55848/(-18)?
True
Let f be 54*1 + -2 + 0. Let r be (-532)/21*(-243)/108. Suppose -f*h + r*h = 250. Is 5 a factor of h?
True
Let t(l) = 71*l**2 - 29*l + 100. Is 80 a factor of t(4)?
True
Let g = 24 - 21. Suppose 0 = -3*h - g*h + 840. Is 28 a factor of h?
True
Let j be 3*2 + (-82 - -78). Suppose 4*r = 5*f + 240 + 38, -f = -j*r + 142. Does 4 divide r?
True
Suppose 2*v + f - 3*f = -6, -5*v - 5*f = -15. Suppose v = 5*n - p - 358, -4*n + 3*p - 5*p = -292. Is 2 a factor of n?
True
Let k = -697 - -277. Let i = k + 647. Does 27 divide i?
False
Suppose 4796789 = 112*j + 881061 - 1272896. Does 7 divide j?
False
Let j = 37 + -26. Let b = -11 + j. Suppose b = 3*d + 5*u - 179, 2*d - 3*d + 2*u = -78. Does 19 divide d?
False
Let z(f) = f + 52. Let v be z(-11). Suppose x + 4*t - 139 = 0, -v*t = -39*t - 2. Is x a multiple of 15?
True
Suppose -5*a - 206393 = -4*t, -19479 = 2*t - 3*a - 122676. Does 117 divide t?
True
Let z(g) = 13*g + 50. Suppose 12*k - 233 = -41. Does 15 divide z(k)?
False
Suppose 5*q - 25*m + 140 = -20*m, -m + 2 = 0. Let j = 164 - q. Is j a multiple of 16?
False
Does 107 divide -82*((147339/(-18))/17)/1?
True
Let j be -288*(1 + 95/(-15)). Suppose 38*x = 35*x + j. Suppose 0*i - x = -4*i. Is i a multiple of 32?
True
Let l(w) = -w**2 - w - 1. Let u be l(0). Suppose -10*m = 8*m + 4*m - 1606. Is (0 - (-3 - -4)*u) + m a multiple of 18?
False
Let p be (-2976 - -102)*1/2. Let n = p + 2062. Does 12 divide n?
False
Let s be ((-88)/(-10))/((-32)/(-240)). Let z = 153 - s. Does 29 divide z?
True
Suppose 16*l - 26*l + 110 = 0. Suppose -2*v + 673 = -f, -8*v - 1012 = -l*v + 4*f. Is v a multiple of 14?
True
Suppose 0 = 10*b + 2 - 42. Suppose 12 = -3*u + b*o - 2, -u + 2*o = 8. Suppose v - 246 = -u*v. Is 17 a factor of v?
False
Let p(j) = -894*j - 1071. Is 28 a factor of p(-16)?
False
Suppose -14 - 4 = -6*c. Suppose 0 = -c*z, 6 + 6 = 2*g + 4*z. Let o = g + -1. Does 4 divide o?
False
Suppose 18*u = 80489 - 8399. Does 79 divide u?
False
Let a(l) = -65*l + 38. Let w be a(-2). Does 11 divide (6 - w/(-30))/(1/55)?
True
Suppose -10*k = -11*k - 8. Let t be 40/15*(-18)/k. Is 1 + t/2 + 315/7 a multiple of 18?
False
Let h = 68156 - 31727. Does 70 divide h?
False
Suppose -k - 66 = -12*k. Suppose -k*y + 155 = -11*y. Let a = y + 141. Is 16 a factor of a?
False
Let f = 242 + -174. Let q = 269 + f. Is 13 a factor of q?
False
Let s = 353 - 350. Suppose s*u = 4*g - 1778, 2*u = -4*g + g + 1325. Is 5 a factor of g?
False
Let y(i) = -i**3 - 16*i**2 - 30*i - 33. Let k be y(-14). Let p = 11 - 43. Is 9 a factor of (p/(-3))/((k + 7)/6)?
False
Does 11 divide (-19622)/(-8) - 14/56*-1?
True
Suppose -20*w + 17*w + 12 = -2*j, -9 = 3*j. Suppose -1592 = -4*d - 5*i, -w*d + 818 = -10*i + 7*i. Is 13 a factor of d?
True
Suppose 2*h - 2 = -4*m, -m + 4*h = 2*m - 18. Suppose 2*i - 7*i = -5*z - 70, -m*i - 4*z = -34. Is i a multiple of 3?
True
Suppose 4*y = -3*s + 4919, -2156*y + 2160*y - s = 4915. Is 14 a factor of y?
False
Suppose 1 = 2*s - 3*w, -4*s - w + 6*w - 1 = 0. Does 5 divide 4/156*2853 + s/26?
False
Suppose 19*y - 15*y - 632 = 0. Suppose -w - 10 = i - y, 160 = i - 5*w. Is 28 a factor of i?
False
Suppose 244 - 1234 = 9*l. Let f = l + 396. Does 13 divide f?
True
Let m be (-1)/(-5)*-5*-3. Suppose -m*q + 70 + 209 = -3*b, 7*q - 631 = 3*b. Is q a multiple of 22?
True
Suppose 2*n = 22 + 2. Does 7 divide 2679/n + (-8)/32?
False
Let q(j) = -3*j**3 - 4*j - 4*j**3 - 4 + 2*j**2 + 0*j. Let h = -151 - -148. Does 43 divide q(h)?
True
Let i(l) be the third derivative of l**5/60 + 11*l**4/12 - 23*l**3/2 - 213*l**2. Does 5 divide i(4)?
True
Let v(q) = 270*q + 6. Let y(t) = 271*t + 6. Let h(m) = 5*v(m) - 6*y(m). Let n(c) = 55*c + 1. Let l(r) = -3*h(r) - 14*n(r). Does 24 divide l(2)?
True
Suppose 29*w + 523260 = 39*w + 161*w. Does 34 divide w?
True
Suppose 0 = 16*y - 13*y - 54. Let g = y + 4. Suppose -s = -28 - g. Does 12 divide s?
False
Suppose -d + 51 = -4*s - 7, 0 = -d - 5*s + 103. Is (48/(-14))/(d/(-1365)) a multiple of 6?
True
Let v be 0 + (-115)/(-3) + (-360)/27 + 13. Suppose -4*r + 2*r = -38. Let s = v + r. Is 13 a factor of s?
False
Suppose -221*b = 2*v - 222*b - 2596, 2*v - 2596 = 2*b. Does 11 divide v?
True
Let m = 66 - 64. Suppose 0 = m*f - 64 - 62. Let h = f + -43. Does 20 divide h?
True
Let q be (-2)/(-3) - 15/9. Let o be 1*1/3*(4 + -16). Does 23 divide 33/o*((-415)/15 - q)?
False
Does 108 divide (-9 + (-1179)/27)*-162?
True
Let l = -37299 - -57321. Is 132 a factor of l?
False
Suppose -191016 = -1408*j + 1394*j. Does 20 divide j?
False
Suppose 43146 = 5*r + 46*r. Suppose 126 = -6*k + r. Is k a multiple of 20?
True
Suppose -14 = -6*w - 278. Let r = 71 + w. Suppose 78 = 28*s - r*s. Does 9 divide s?
False
Does 78 divide 104/(-32)*(-551 - 1)?
True
Suppose 4*s - 2*y - 20 = 0, 4*y + 26 = 4*s - y. Suppose -s = 3*o - 3*a + 2*a, 3*o - 5*a = -20. Suppose o = -2*n + n + 63. Does 9 divide n?
True
Does 183 divide ((-16902)/(-42) - 19)*49?
False
Suppose 2*a = h - 129 - 959, -2*h + 2170 = 2*a. Is h even?
True
Suppose -1341788 = -134*l - 117*l + 78*l. Is l a multiple of 14?
True
Let n(d) = 3*d**2 - 28*d - 219. Is 39 a factor of n(-9)?
False
Let c = -19 - -19. Let o be 3170/15 + (-7)/21. Suppose c = -h + o + 17. Does 38 divide h?
True
Suppose -2*u - 48 = -6*u. Suppose 8 = v + u. Is 14 a factor of (3 + 0 + v)/((-1)/41)?
False
Let l = 221 - -151. Let n = l - 319. Is n a multiple of 5?
False
Suppose -1049 = 69*i - 359. Is 27 a factor of (-45)/(i/(-2))*-33?
True
Suppose 0 = 2*l + 4*g - 0*g - 910, 4*g + 4 = 0. Let x = 1249 - l. Does 13 divide x?
False
Let b be 2 + -82 - (-10)/(-5). Does 7 divide (-2 - -6)/8*(2 - b)?
True
Does 128 divide ((-16)/(-10) + (-2 - -4))/((-9)/(-11520))?
True
Let k(q) = -113*q**3 + 2*q**2 + 11*q + 25. Let o be (3*-1)/(((-378)/12)/(-21)). Does 23 divide k(o)?
False
Suppose c + k - 22912 = 8931, 2*k = 10. Is c a multiple of 24?
False
Suppose -17*p = -26*p. Let i be (-58)/377 - (1642/(-26) - p). Let c = i + -57. Does 6 divide c?
True
Does 78 divide (-12 - -22) + 16984/2?
True
Suppose -3*z + 2 - 14 = 0. Let l(v) = -143*v**2 - 2 - 2*v**3 + 71*v**2 + 69*v**2 + v. Is l(z) a multiple of 18?
False
Suppose 5*c + 23 = 28. Let k(d) = -14*d. Let t be k(c). Is (-1273)/(-17) - t/119 a multiple of 16?
False
Let f be (-30)/9*(-5688)/48. Suppose -10*b + 8*b + 154 = 2*k, 5*b - 5*k = f. Does 16 divide b?
False
Is 470/4*(-12528)/(-290) a multiple of 12?
True
Suppose -12 = 2*i - 10. Is (-9 + 4)*((-408)/(-20))/i a multiple of 17?
True
Let a(h) = 2*h**2. Let u(i) = -i - 5. Let f be u(-4). Let p be a(f). Suppose y + p = 13. Is 9 a factor of y?
False
Let t = 4 + 8. Is 17 a factor of ((-1729)/42 - 4)/((-2)/t)?
False
Let m(a) = -19*a - 68. Let f be m(13). Let h = f + 357. Is 2 a factor of h?
True
Let p = -6756 + 4762. Let n = 2830 + p. Is 38 a factor of n?
True
Let j = 5833 - 8890. Let f = -2079 - j. Is 17 a factor of f?
False
Let f(o) be the second derivative of o**4/12 + 2*o**3/3 - 3*o**2/2 + 16*o. Let w be f(-7). Let q = w - -31. Is 8 a factor of q?
False
Suppose 82 = 7*i + 12. Let z(c) = 5*c - 10. Let t be z(i). Is (t/25)/4*150 a multiple of 15?
True
Suppose 35*n + 20*n + 96234 - 3138999 = 0. Does 20 divide n?
False
Suppose 0*k = -4*k + 16, -2